 of h.
2, 5
Let p(x) = x**3 + 6*x**2 + 2*x - 1. What are the prime factors of p(-5)?
2, 7
Suppose 6 + 31 = g. What are the prime factors of g?
37
Let w be (-1)/5 - 68/10. Let j be 2/w - (-1235)/35. Suppose -5*g + 3*f = -45, -5*g - 5*f = -6*f - j. List the prime factors of g.
2, 3
Let c = -192 - -281. What are the prime factors of c?
89
Let f = 28 - 13. Suppose b = 4*b - f. Suppose -3*g = g + 4, -b*g - 23 = -3*d. List the prime factors of d.
2, 3
Let q(b) = 0 + 2 - 1 + b. Let u be q(3). Suppose -28 = -2*v + u*z, -5*v + 4*z + 46 = 2*z. List the prime factors of v.
2
Let c(m) be the second derivative of m**4/12 - m**3 + 4*m**2 + 10*m. Let i = -9 + 15. List the prime factors of c(i).
2
What are the prime factors of 2 + -3 - (-5 - 24)?
2, 7
Let z(g) = g**2 - 3*g + 3. Let h(n) = -n**3 + n**2 + 4*n**2 - 2*n**2 + 1. Let a be h(2). What are the prime factors of z(a)?
13
Let r = 2 + 18. Suppose 4*k - 9 = -2*i + 13, 5*k = -5*i + 25. Suppose -2*v - k + r = 0. What are the prime factors of v?
7
Suppose 5*d = -0*d + 15. Suppose 0*c + 12 = d*c. Suppose 0 = 6*u - c*u - 6. What are the prime factors of u?
3
Let g(f) = -f + 11. Let z be g(9). Suppose -z*b + 3 = -b. Suppose -15 = -b*r - 0. What are the prime factors of r?
5
Let a(f) = 2*f**2 + f - 1. Let k be a(-4). What are the prime factors of (1 - -1) + (k - 1)?
2, 7
Let s be -31*-2*(1 - 0). Let v = -34 + s. What are the prime factors of v?
2, 7
Let z = 1 + 3. Let x be (-2)/(-1) - 44/z. Let m = x + 20. What are the prime factors of m?
11
Let y = -1 + 4. Suppose -2*r - d + 57 = 0, 2*d = -r - y*d + 42. What are the prime factors of r?
3
Let y be (22/2 - 2) + -1. Suppose -3*g - y - 1 = 5*x, 0 = -x - 2*g - 6. What are the prime factors of (6 - 4) + x + 6?
2
Suppose -3*t = 5 - 89. List the prime factors of t.
2, 7
Let z = 2 - -4. Let g = 21 + z. What are the prime factors of g/2*8/12?
3
Let h = 59 + 40. List the prime factors of h.
3, 11
Let x = 120 + -74. What are the prime factors of x?
2, 23
List the prime factors of 5 - 1/(-1)*139.
2, 3
Let s(f) = f**2 - 12*f + 7. Let y be s(11). Let w = y - -16. List the prime factors of w.
2, 3
Let d = 38 - 0. Suppose -a - 5 = g + 4*a, -d = -5*g - 4*a. List the prime factors of g.
2, 5
What are the prime factors of -2*((-12)/8)/1?
3
Let m(a) = -a**3 - a + 19. List the prime factors of m(0).
19
Suppose 4*i - 7 + 43 = 0. List the prime factors of 14/63 + (-304)/i.
2, 17
Let g = 81 + -31. Let o = -26 + g. What are the prime factors of o?
2, 3
Let l be 2/4*(25 + -3). Let f(s) = 2*s - 4. List the prime factors of f(l).
2, 3
Let a(q) be the third derivative of q**5/60 + 5*q**4/24 - q**3/6 + q**2. What are the prime factors of a(-7)?
13
Suppose 8*l - 25 = 3*l. Let i(k) = -2*k**3 + 12*k**2 - k - 4. Let o(n) = -n**3 + 6*n**2 - 2. Let q(x) = -6*i(x) + 11*o(x). What are the prime factors of q(l)?
7
Suppose 2*y - 24 = 4*f, -4*y - 3*f + 1 = 8. Suppose 5*r = y*r. What are the prime factors of (r + -4)*3/(-6)?
2
What are the prime factors of (1/3)/(3/189)?
3, 7
List the prime factors of 1906/6 - 2/(-6).
2, 3, 53
Let v be 2/(-4)*(0 - 10). Suppose 4*d = -v*u + 121, 2*d - 4*u - 61 = 19. What are the prime factors of d?
2, 17
Suppose 3*w - 9 = -v - 2, -5*w - v = -11. List the prime factors of w/4 - 9/(-2).
5
Let x be (-4)/16*2*70. Let l = 57 + x. What are the prime factors of l?
2, 11
Let l = -4 + 33. What are the prime factors of l?
29
Suppose 0*o = 2*o + 12. Let t be o/(-8) + 30/24. What are the prime factors of (-1)/2*t + 12?
11
Suppose 0*t - 712 = -8*t. List the prime factors of t.
89
Suppose -4*t + 8 = -0*t - 5*f, f = 0. Suppose 12 + 36 = t*v. What are the prime factors of v?
2, 3
Let j = 11 + -13. What are the prime factors of (1/j)/(7/(-420))?
2, 3, 5
Let z be (-133)/49 + 2/(-7). List the prime factors of z + 1 + (8 - 2).
2
Let c = -70 - -109. What are the prime factors of c?
3, 13
Let r = 11 + 2. Suppose -12 = -2*t + 12. Suppose -5*j + t = -r. List the prime factors of j.
5
Let s = -77 + 81. List the prime factors of s.
2
Let r(t) = -40*t**2 - t + 1. Let n be r(1). Let j = -28 - n. What are the prime factors of j?
2, 3
Let p = 2 - 6. Let x(r) = -r**3 - 5*r**2 + 2*r - 1. Let b be x(-5). Let c = p - b. List the prime factors of c.
7
Let f(v) be the first derivative of v**4/12 + 2*v**3/3 + 2*v**2 + 3*v + 2. Let j(i) be the first derivative of f(i). List the prime factors of j(-5).
3
Let a(f) = -f**2 + 4*f + 7. Let k be a(5). Suppose 0 = 3*q + 3*w + 3, -k*w - w = 3. Suppose -15 = -q*x - 5*x. List the prime factors of x.
3
Let y be 5*(1 + (-27)/15). What are the prime factors of (1 + y)/(1/(-3))?
3
Suppose -4*p + 102 = 18. List the prime factors of p.
3, 7
Suppose -b + 1 = -2. Let n = 2 + 2. Suppose 0 = q - n*r - 0*r - 18, 2*r = b*q - 14. List the prime factors of q.
2
Suppose -2*l = 20 + 48. List the prime factors of l/(-3) + 8/12.
2, 3
Suppose 4*s + 4 = 2*n, -5 = -n - 0*s - s. Suppose 0 = -k + 2*k - n. Suppose 0 = -k*l + 2*w + 32, w - 5*w - 15 = -l. What are the prime factors of l?
7
Suppose 2*n + 104 = 3*t - 0*t, -t + 38 = n. List the prime factors of t.
2, 3
Suppose -3*s + i - 7 - 3 = 0, 3*i + 26 = -5*s. List the prime factors of 520/24 - s/(-6).
3, 7
Let m = 1 - -2. Suppose -4*s = -2*j + 14, m*j - 10 = -3*s + 11. List the prime factors of j.
7
Suppose 0*a = -a. Suppose k - 4*k + 6 = a. Suppose m = k*y - 4, -4*m + 0*m + 20 = y. List the prime factors of m.
2
Let y be ((-28)/(-6))/(4/6). Let o = y + -7. Suppose -39 + o = -3*v. What are the prime factors of v?
13
Let n = 4 + -4. Suppose 2*o - 4*g = 44, -3*g = -n*o + 5*o - 162. Let c = -19 + o. What are the prime factors of c?
11
Let v(o) = -4*o - 3. Let c be v(-3). Let t = -7 + c. What are the prime factors of t?
2
Suppose x - 85 = -4*x. Suppose 4*u - x - 7 = 0. What are the prime factors of u?
2, 3
Let h(r) = 211*r - 34. What are the prime factors of h(2)?
2, 97
Let t(b) = -b**2 + 3*b - 4. Let w(j) = -j**2 + 4*j - 4. Let f(o) = -5*t(o) + 4*w(o). Let y be f(-8). Suppose -3*c - 2*c = -y. List the prime factors of c.
2, 3
Let a(x) = x**3 + 5*x**2 + 3*x - 2. Let j be a(-4). Let o(b) = b**2 - 2*b - 5. Let f be o(5). Suppose -8 = -j*w + f. List the prime factors of w.
3
Let g(t) = 5*t - 5. List the prime factors of g(14).
5, 13
Let o = 0 - -4. Suppose -o*c + 3*p = -99, -2*c - 3*c + 3*p + 120 = 0. List the prime factors of c.
3, 7
Suppose 38 = -4*s - 4*k + 10, 3*s - 3 = 5*k. Let q be 1*2*(-2)/s. List the prime factors of q - 1 - (-17 - -2).
3, 5
Let y(x) = -10*x - 1. List the prime factors of y(-2).
19
Suppose 0 = 3*k + 3*y + 2 - 8, 4*k - 5 = -5*y. Let z = k - 0. Suppose -z*a + 0*g = -g - 35, -20 = -4*g. List the prime factors of a.
2
Let t(v) = -v**2 + 5*v + 145. List the prime factors of t(0).
5, 29
Let m(i) = -i**3 + 14*i**2 - 12*i + 2. Let n be m(13). Suppose -t + 3 = -3*o, 3*t + 2*t - 2*o = n. What are the prime factors of t?
3
Let h be 5/1*(-4)/(-10). Let j(m) = 3*m**3 + m**2 - 4*m + 3. List the prime factors of j(h).
23
Let u(v) = 4*v**2 - 21*v - 4. Let y(k) = 3*k**2 - 14*k - 3. Let w(f) = 5*u(f) - 7*y(f). What are the prime factors of w(-3)?
13
Let y(j) = 10*j**2 - 10*j + 18. What are the prime factors of y(6)?
2, 3, 53
Let g(p) = -6*p**3 + p**2 - p + 5. Let t(x) = -5*x**3 + 2*x**2 - x + 4. Let u(w) = 6*g(w) - 7*t(w). Let r be u(-8). List the prime factors of (2/r)/(3/(-36)).
2
Suppose 0 = 8*s - 4*s - 128. What are the prime factors of s?
2
Let h = 91 + -53. Let m(v) = -2*v - v + 28 - h. What are the prime factors of m(-10)?
2, 5
Suppose -1 = u - 3. Let n be u/(-1)*(-42)/(-4). Let b = n - -29. What are the prime factors of b?
2
Let q be (0 + 0)/(0 + -1). Suppose 0 = -3*d - d - 4*m + 16, 3*d = 3*m + 12. Let v = q + d. List the prime factors of v.
2
Let d(f) = -90*f**2 + f + 1. Suppose -a = 4*n - 19, 0*a = -5*a - 5*n + 20. Let c be d(a). List the prime factors of 1/1 + c/(-9).
11
Let y(f) be the first derivative of f**3/3 + f**2/2 - 2*f - 2. What are the prime factors of y(2)?
2
Let q(v) = -27*v. Let w be q(-5). Let s be 2/(-5) - w/(-25). Suppose 2*d - s = 2*y + 29, d - 9 = 3*y. What are the prime factors of d?
3, 7
What are the prime factors of 5976/42 + 2/(-7)?
2, 71
List the prime factors of 1*31 + (1 - -2).
2, 17
What are the prime factors of (2/5*-37)/((-1)/20)?
2, 37
Suppose -2*n + n = -8. What are the prime factors of n?
2
Let